{"id":84832,"date":"2025-01-07T13:52:03","date_gmt":"2025-01-07T12:52:03","guid":{"rendered":"https:\/\/laindependent.cat\/?post_type=targeta_vermella&#038;p=84832"},"modified":"2025-06-04T21:26:16","modified_gmt":"2025-06-04T19:26:16","slug":"me-too-de-mar-bermudez-i-anna-polo","status":"publish","type":"targeta_vermella","link":"https:\/\/laindependent.cat\/es\/tarjeta-roja\/me-too-de-mar-bermudez-i-anna-polo\/","title":{"rendered":"Me too de Mar Berm\u00fadez i Anna Polo"},"content":{"rendered":"\n<figure class=\"wp-block-embed is-type-rich is-provider-twitter wp-block-embed-twitter\"><div class=\"wp-block-embed__wrapper\">\n<blockquote class=\"twitter-tweet\" data-width=\"550\" data-dnt=\"true\"><p lang=\"ca\" dir=\"ltr\">Ahir dia de Reis, avui dia de Reines.<br><br>Les aplaudiria fins a quedar-me sense mans. Gr\u00e0cies <a href=\"https:\/\/twitter.com\/mar_bermjim?ref_src=twsrc%5Etfw\">@mar_bermjim<\/a>, gr\u00e0cies <a href=\"https:\/\/twitter.com\/anapolo___?ref_src=twsrc%5Etfw\">@anapolo___<\/a>. Generositat i valentia. Avui el m\u00f3n \u00e9s una mica millor.<br><br>\ud83e\udec2\u2764\ufe0f <a href=\"https:\/\/t.co\/sZfv1zKVZP\">https:\/\/t.co\/sZfv1zKVZP<\/a><\/p>&mdash; Oye Sherman (@oyesherman) <a href=\"https:\/\/twitter.com\/oyesherman\/status\/1876556012733526034?ref_src=twsrc%5Etfw\">January 7, 2025<\/a><\/blockquote><script async src=\"https:\/\/platform.twitter.com\/widgets.js\" charset=\"utf-8\"><\/script>\n<\/div><\/figure>\n","protected":false},"author":72,"template":"","class_list":["post-84832","targeta_vermella","type-targeta_vermella","status-publish","hentry"],"yoast_head":"<!-- This site is optimized with the Yoast SEO plugin v27.4 - https:\/\/yoast.com\/product\/yoast-seo-wordpress\/ -->\n<title>Me too de Mar Berm\u00fadez i Anna Polo | Tarjeta Roja | La Independent<\/title>\n<meta name=\"robots\" content=\"index, follow, max-snippet:-1, max-image-preview:large, max-video-preview:-1\" \/>\n<link rel=\"canonical\" href=\"https:\/\/laindependent.cat\/es\/tarjeta-roja\/me-too-de-mar-bermudez-i-anna-polo\/\" \/>\n<meta property=\"og:locale\" content=\"es_ES\" \/>\n<meta property=\"og:type\" content=\"article\" \/>\n<meta property=\"og:title\" content=\"Me too de Mar Berm\u00fadez i Anna Polo | Tarjeta Roja | La Independent\" \/>\n<meta property=\"og:url\" content=\"https:\/\/laindependent.cat\/es\/tarjeta-roja\/me-too-de-mar-bermudez-i-anna-polo\/\" \/>\n<meta property=\"og:site_name\" content=\"La Independent\" \/>\n<meta property=\"article:modified_time\" content=\"2025-06-04T19:26:16+00:00\" \/>\n<meta name=\"twitter:card\" content=\"summary_large_image\" \/>\n<script type=\"application\/ld+json\" class=\"yoast-schema-graph\">{\"@context\":\"https:\\\/\\\/schema.org\",\"@graph\":[{\"@type\":\"WebPage\",\"@id\":\"https:\\\/\\\/laindependent.cat\\\/es\\\/tarjeta-roja\\\/me-too-de-mar-bermudez-i-anna-polo\\\/\",\"url\":\"https:\\\/\\\/laindependent.cat\\\/es\\\/tarjeta-roja\\\/me-too-de-mar-bermudez-i-anna-polo\\\/\",\"name\":\"Me too de Mar Berm\u00fadez i Anna Polo | Tarjeta Roja | La Independent\",\"isPartOf\":{\"@id\":\"https:\\\/\\\/laindependent.cat\\\/es\\\/#website\"},\"datePublished\":\"2025-01-07T12:52:03+00:00\",\"dateModified\":\"2025-06-04T19:26:16+00:00\",\"breadcrumb\":{\"@id\":\"https:\\\/\\\/laindependent.cat\\\/es\\\/tarjeta-roja\\\/me-too-de-mar-bermudez-i-anna-polo\\\/#breadcrumb\"},\"inLanguage\":\"es\",\"potentialAction\":[{\"@type\":\"ReadAction\",\"target\":[\"https:\\\/\\\/laindependent.cat\\\/es\\\/tarjeta-roja\\\/me-too-de-mar-bermudez-i-anna-polo\\\/\"]}]},{\"@type\":\"BreadcrumbList\",\"@id\":\"https:\\\/\\\/laindependent.cat\\\/es\\\/tarjeta-roja\\\/me-too-de-mar-bermudez-i-anna-polo\\\/#breadcrumb\",\"itemListElement\":[{\"@type\":\"ListItem\",\"position\":1,\"name\":\"Inici\",\"item\":\"https:\\\/\\\/laindependent.cat\\\/es\\\/la-independent\\\/\"},{\"@type\":\"ListItem\",\"position\":2,\"name\":\"Targeta Vermella\",\"item\":\"https:\\\/\\\/laindependent.cat\\\/es\\\/tarjeta-roja\\\/\"},{\"@type\":\"ListItem\",\"position\":3,\"name\":\"Me too de Mar Berm\u00fadez i Anna Polo\"}]},{\"@type\":\"WebSite\",\"@id\":\"https:\\\/\\\/laindependent.cat\\\/es\\\/#website\",\"url\":\"https:\\\/\\\/laindependent.cat\\\/es\\\/\",\"name\":\"La Independent\",\"description\":\"Ag\u00e8ncia de not\u00edcies amb visi\u00f3 de g\u00e8nere\",\"publisher\":{\"@id\":\"https:\\\/\\\/laindependent.cat\\\/es\\\/#organization\"},\"alternateName\":\"Ag\u00e8ncia de not\u00edcies amb visi\u00f3 de g\u00e8nere\",\"potentialAction\":[{\"@type\":\"SearchAction\",\"target\":{\"@type\":\"EntryPoint\",\"urlTemplate\":\"https:\\\/\\\/laindependent.cat\\\/es\\\/?s={search_term_string}\"},\"query-input\":{\"@type\":\"PropertyValueSpecification\",\"valueRequired\":true,\"valueName\":\"search_term_string\"}}],\"inLanguage\":\"es\"},{\"@type\":\"Organization\",\"@id\":\"https:\\\/\\\/laindependent.cat\\\/es\\\/#organization\",\"name\":\"La Independent\",\"alternateName\":\"Ag\u00e8ncia de not\u00edcies amb visi\u00f3 de g\u00e8nere\",\"url\":\"https:\\\/\\\/laindependent.cat\\\/es\\\/\",\"logo\":{\"@type\":\"ImageObject\",\"inLanguage\":\"es\",\"@id\":\"https:\\\/\\\/laindependent.cat\\\/es\\\/#\\\/schema\\\/logo\\\/image\\\/\",\"url\":\"https:\\\/\\\/laindependent.cat\\\/wp-content\\\/uploads\\\/2022\\\/10\\\/logo-independent.svg\",\"contentUrl\":\"https:\\\/\\\/laindependent.cat\\\/wp-content\\\/uploads\\\/2022\\\/10\\\/logo-independent.svg\",\"width\":562,\"height\":78,\"caption\":\"La Independent\"},\"image\":{\"@id\":\"https:\\\/\\\/laindependent.cat\\\/es\\\/#\\\/schema\\\/logo\\\/image\\\/\"}}]}<\/script>\n<!-- \/ Yoast SEO plugin. -->","yoast_head_json":{"title":"Me too de Mar Berm\u00fadez i Anna Polo | Tarjeta Roja | La Independent","robots":{"index":"index","follow":"follow","max-snippet":"max-snippet:-1","max-image-preview":"max-image-preview:large","max-video-preview":"max-video-preview:-1"},"canonical":"https:\/\/laindependent.cat\/es\/tarjeta-roja\/me-too-de-mar-bermudez-i-anna-polo\/","og_locale":"es_ES","og_type":"article","og_title":"Me too de Mar Berm\u00fadez i Anna Polo | Tarjeta Roja | La Independent","og_url":"https:\/\/laindependent.cat\/es\/tarjeta-roja\/me-too-de-mar-bermudez-i-anna-polo\/","og_site_name":"La Independent","article_modified_time":"2025-06-04T19:26:16+00:00","twitter_card":"summary_large_image","schema":{"@context":"https:\/\/schema.org","@graph":[{"@type":"WebPage","@id":"https:\/\/laindependent.cat\/es\/tarjeta-roja\/me-too-de-mar-bermudez-i-anna-polo\/","url":"https:\/\/laindependent.cat\/es\/tarjeta-roja\/me-too-de-mar-bermudez-i-anna-polo\/","name":"Me too de Mar Berm\u00fadez i Anna Polo | Tarjeta Roja | La Independent","isPartOf":{"@id":"https:\/\/laindependent.cat\/es\/#website"},"datePublished":"2025-01-07T12:52:03+00:00","dateModified":"2025-06-04T19:26:16+00:00","breadcrumb":{"@id":"https:\/\/laindependent.cat\/es\/tarjeta-roja\/me-too-de-mar-bermudez-i-anna-polo\/#breadcrumb"},"inLanguage":"es","potentialAction":[{"@type":"ReadAction","target":["https:\/\/laindependent.cat\/es\/tarjeta-roja\/me-too-de-mar-bermudez-i-anna-polo\/"]}]},{"@type":"BreadcrumbList","@id":"https:\/\/laindependent.cat\/es\/tarjeta-roja\/me-too-de-mar-bermudez-i-anna-polo\/#breadcrumb","itemListElement":[{"@type":"ListItem","position":1,"name":"Inici","item":"https:\/\/laindependent.cat\/es\/la-independent\/"},{"@type":"ListItem","position":2,"name":"Targeta Vermella","item":"https:\/\/laindependent.cat\/es\/tarjeta-roja\/"},{"@type":"ListItem","position":3,"name":"Me too de Mar Berm\u00fadez i Anna Polo"}]},{"@type":"WebSite","@id":"https:\/\/laindependent.cat\/es\/#website","url":"https:\/\/laindependent.cat\/es\/","name":"La Independent","description":"Ag\u00e8ncia de not\u00edcies amb visi\u00f3 de g\u00e8nere","publisher":{"@id":"https:\/\/laindependent.cat\/es\/#organization"},"alternateName":"Ag\u00e8ncia de not\u00edcies amb visi\u00f3 de g\u00e8nere","potentialAction":[{"@type":"SearchAction","target":{"@type":"EntryPoint","urlTemplate":"https:\/\/laindependent.cat\/es\/?s={search_term_string}"},"query-input":{"@type":"PropertyValueSpecification","valueRequired":true,"valueName":"search_term_string"}}],"inLanguage":"es"},{"@type":"Organization","@id":"https:\/\/laindependent.cat\/es\/#organization","name":"La Independent","alternateName":"Ag\u00e8ncia de not\u00edcies amb visi\u00f3 de g\u00e8nere","url":"https:\/\/laindependent.cat\/es\/","logo":{"@type":"ImageObject","inLanguage":"es","@id":"https:\/\/laindependent.cat\/es\/#\/schema\/logo\/image\/","url":"https:\/\/laindependent.cat\/wp-content\/uploads\/2022\/10\/logo-independent.svg","contentUrl":"https:\/\/laindependent.cat\/wp-content\/uploads\/2022\/10\/logo-independent.svg","width":562,"height":78,"caption":"La Independent"},"image":{"@id":"https:\/\/laindependent.cat\/es\/#\/schema\/logo\/image\/"}}]}},"_links":{"self":[{"href":"https:\/\/laindependent.cat\/es\/wp-json\/wp\/v2\/targeta_vermella\/84832","targetHints":{"allow":["GET"]}}],"collection":[{"href":"https:\/\/laindependent.cat\/es\/wp-json\/wp\/v2\/targeta_vermella"}],"about":[{"href":"https:\/\/laindependent.cat\/es\/wp-json\/wp\/v2\/types\/targeta_vermella"}],"author":[{"embeddable":true,"href":"https:\/\/laindependent.cat\/es\/wp-json\/wp\/v2\/users\/72"}],"version-history":[{"count":0,"href":"https:\/\/laindependent.cat\/es\/wp-json\/wp\/v2\/targeta_vermella\/84832\/revisions"}],"wp:attachment":[{"href":"https:\/\/laindependent.cat\/es\/wp-json\/wp\/v2\/media?parent=84832"}],"curies":[{"name":"wp","href":"https:\/\/api.w.org\/{rel}","templated":true}]}}

Me too de Mar Bermúdez i Anna Polo

<figure class="wp-block-embed is-type-rich is-provider-twitter wp-block-embed-twitter"><div class="wp-block-embed__wrapper">
<blockquote class="twitter-tweet" data-width="550" data-dnt="true"><p lang="ca" dir="ltr">Ahir dia de Reis, avui dia de Reines.<br><br>Les aplaudiria fins a quedar-me sense mans. Gràcies <a href="https://twitter.com/mar_bermjim?ref_src=twsrc%5Etfw">@mar_bermjim</a>, gràcies <a href="https://twitter.com/anapolo___?ref_src=twsrc%5Etfw">@anapolo___</a>. Generositat i valentia. Avui el món és una mica millor.<br><br>🫂❤️ <a href="https://t.co/sZfv1zKVZP">https://t.co/sZfv1zKVZP</a></p>&mdash; Oye Sherman (@oyesherman) <a href="https://twitter.com/oyesherman/status/1876556012733526034?ref_src=twsrc%5Etfw">January 7, 2025</a></blockquote><script async src="https://platform.twitter.com/widgets.js" charset="utf-8"></script>
</div></figure>

<!-- This site is optimized with the Yoast SEO plugin v27.4 - https://yoast.com/product/yoast-seo-wordpress/ -->
<title>Me too de Mar Bermúdez i Anna Polo | Tarjeta Roja | La Independent</title>
<meta name="robots" content="index, follow, max-snippet:-1, max-image-preview:large, max-video-preview:-1" />
<link rel="canonical" href="https://laindependent.cat/es/tarjeta-roja/me-too-de-mar-bermudez-i-anna-polo/" />
<meta property="og:locale" content="es_ES" />
<meta property="og:type" content="article" />
<meta property="og:title" content="Me too de Mar Bermúdez i Anna Polo | Tarjeta Roja | La Independent" />
<meta property="og:url" content="https://laindependent.cat/es/tarjeta-roja/me-too-de-mar-bermudez-i-anna-polo/" />
<meta property="og:site_name" content="La Independent" />
<meta property="article:modified_time" content="2025-06-04T19:26:16+00:00" />
<meta name="twitter:card" content="summary_large_image" />
<script type="application/ld+json" class="yoast-schema-graph">{"@context":"https:\/\/schema.org","@graph":[{"@type":"WebPage","@id":"https:\/\/laindependent.cat\/es\/tarjeta-roja\/me-too-de-mar-bermudez-i-anna-polo\/","url":"https:\/\/laindependent.cat\/es\/tarjeta-roja\/me-too-de-mar-bermudez-i-anna-polo\/","name":"Me too de Mar Bermúdez i Anna Polo | Tarjeta Roja | La Independent","isPartOf":{"@id":"https:\/\/laindependent.cat\/es\/#website"},"datePublished":"2025-01-07T12:52:03+00:00","dateModified":"2025-06-04T19:26:16+00:00","breadcrumb":{"@id":"https:\/\/laindependent.cat\/es\/tarjeta-roja\/me-too-de-mar-bermudez-i-anna-polo\/#breadcrumb"},"inLanguage":"es","potentialAction":[{"@type":"ReadAction","target":["https:\/\/laindependent.cat\/es\/tarjeta-roja\/me-too-de-mar-bermudez-i-anna-polo\/"]}]},{"@type":"BreadcrumbList","@id":"https:\/\/laindependent.cat\/es\/tarjeta-roja\/me-too-de-mar-bermudez-i-anna-polo\/#breadcrumb","itemListElement":[{"@type":"ListItem","position":1,"name":"Inici","item":"https:\/\/laindependent.cat\/es\/la-independent\/"},{"@type":"ListItem","position":2,"name":"Targeta Vermella","item":"https:\/\/laindependent.cat\/es\/tarjeta-roja\/"},{"@type":"ListItem","position":3,"name":"Me too de Mar Bermúdez i Anna Polo"}]},{"@type":"WebSite","@id":"https:\/\/laindependent.cat\/es\/#website","url":"https:\/\/laindependent.cat\/es\/","name":"La Independent","description":"Agència de notícies amb visió de gènere","publisher":{"@id":"https:\/\/laindependent.cat\/es\/#organization"},"alternateName":"Agència de notícies amb visió de gènere","potentialAction":[{"@type":"SearchAction","target":{"@type":"EntryPoint","urlTemplate":"https:\/\/laindependent.cat\/es\/?s={search_term_string}"},"query-input":{"@type":"PropertyValueSpecification","valueRequired":true,"valueName":"search_term_string"}}],"inLanguage":"es"},{"@type":"Organization","@id":"https:\/\/laindependent.cat\/es\/#organization","name":"La Independent","alternateName":"Agència de notícies amb visió de gènere","url":"https:\/\/laindependent.cat\/es\/","logo":{"@type":"ImageObject","inLanguage":"es","@id":"https:\/\/laindependent.cat\/es\/#\/schema\/logo\/image\/","url":"https:\/\/laindependent.cat\/wp-content\/uploads\/2022\/10\/logo-independent.svg","contentUrl":"https:\/\/laindependent.cat\/wp-content\/uploads\/2022\/10\/logo-independent.svg","width":562,"height":78,"caption":"La Independent"},"image":{"@id":"https:\/\/laindependent.cat\/es\/#\/schema\/logo\/image\/"}}]}</script>
<!-- / Yoast SEO plugin. -->

Me too de Mar Bermúdez i Anna Polo | Tarjeta Roja | La Independent

Agència de notícies amb visió de gènere
