{"id":79329,"date":"2024-01-04T16:16:50","date_gmt":"2024-01-04T15:16:50","guid":{"rendered":"https:\/\/laindependent.cat\/?post_type=targeta_vermella&#038;p=79329"},"modified":"2025-06-04T22:09:51","modified_gmt":"2025-06-04T20:09:51","slug":"mexic-dia-del-periodista-periodisme-sense-discriminacio","status":"publish","type":"targeta_vermella","link":"https:\/\/laindependent.cat\/es\/tarjeta-roja\/mexic-dia-del-periodista-periodisme-sense-discriminacio\/","title":{"rendered":"M\u00e8xic. Dia del periodista. Periodisme sense discriminaci\u00f3"},"content":{"rendered":"\n<figure class=\"wp-block-embed is-type-rich is-provider-twitter wp-block-embed-twitter\"><div class=\"wp-block-embed__wrapper\">\n<blockquote class=\"twitter-tweet\" data-width=\"550\" data-dnt=\"true\"><p lang=\"es\" dir=\"ltr\">En CIMAC conmemoramos y reconocemos el labor de las mujeres dentro y fuera de los medios de comunicaci\u00f3n. Que todas las mujeres periodistas ejerzan el periodismo libre de discriminaci\u00f3n y violencia<a href=\"https:\/\/twitter.com\/hashtag\/PeriodismoFeminista?src=hash&amp;ref_src=twsrc%5Etfw\">#PeriodismoFeminista<\/a> <a href=\"https:\/\/twitter.com\/hashtag\/MujeresPeriodistas?src=hash&amp;ref_src=twsrc%5Etfw\">#MujeresPeriodistas<\/a> <a href=\"https:\/\/twitter.com\/hashtag\/LibertadDeExpresion?src=hash&amp;ref_src=twsrc%5Etfw\">#LibertadDeExpresion<\/a> <a href=\"https:\/\/twitter.com\/hashtag\/DiaDelPeriodista?src=hash&amp;ref_src=twsrc%5Etfw\">#DiaDelPeriodista<\/a> <a href=\"https:\/\/t.co\/Uk6XzPLJsZ\">pic.twitter.com\/Uk6XzPLJsZ<\/a><\/p>&mdash; CIMAC.org (@prensacimac) <a href=\"https:\/\/twitter.com\/prensacimac\/status\/1742938952577982750?ref_src=twsrc%5Etfw\">January 4, 2024<\/a><\/blockquote><script async src=\"https:\/\/platform.twitter.com\/widgets.js\" charset=\"utf-8\"><\/script>\n<\/div><\/figure>\n","protected":false},"author":72,"template":"","class_list":["post-79329","targeta_vermella","type-targeta_vermella","status-publish","hentry"],"yoast_head":"<!-- This site is optimized with the Yoast SEO plugin v27.4 - https:\/\/yoast.com\/product\/yoast-seo-wordpress\/ -->\n<title>M\u00e8xic. Dia del periodista. Periodisme sense discriminaci\u00f3 | Tarjeta Roja | La Independent<\/title>\n<meta name=\"robots\" content=\"index, follow, max-snippet:-1, max-image-preview:large, max-video-preview:-1\" \/>\n<link rel=\"canonical\" href=\"https:\/\/laindependent.cat\/es\/tarjeta-roja\/mexic-dia-del-periodista-periodisme-sense-discriminacio\/\" \/>\n<meta property=\"og:locale\" content=\"es_ES\" \/>\n<meta property=\"og:type\" content=\"article\" \/>\n<meta property=\"og:title\" content=\"M\u00e8xic. Dia del periodista. Periodisme sense discriminaci\u00f3 | Tarjeta Roja | La Independent\" \/>\n<meta property=\"og:url\" content=\"https:\/\/laindependent.cat\/es\/tarjeta-roja\/mexic-dia-del-periodista-periodisme-sense-discriminacio\/\" \/>\n<meta property=\"og:site_name\" content=\"La Independent\" \/>\n<meta property=\"article:modified_time\" content=\"2025-06-04T20:09:51+00:00\" \/>\n<meta name=\"twitter:card\" content=\"summary_large_image\" \/>\n<script type=\"application\/ld+json\" class=\"yoast-schema-graph\">{\"@context\":\"https:\\\/\\\/schema.org\",\"@graph\":[{\"@type\":\"WebPage\",\"@id\":\"https:\\\/\\\/laindependent.cat\\\/es\\\/tarjeta-roja\\\/mexic-dia-del-periodista-periodisme-sense-discriminacio\\\/\",\"url\":\"https:\\\/\\\/laindependent.cat\\\/es\\\/tarjeta-roja\\\/mexic-dia-del-periodista-periodisme-sense-discriminacio\\\/\",\"name\":\"M\u00e8xic. Dia del periodista. Periodisme sense discriminaci\u00f3 | Tarjeta Roja | La Independent\",\"isPartOf\":{\"@id\":\"https:\\\/\\\/laindependent.cat\\\/es\\\/#website\"},\"datePublished\":\"2024-01-04T15:16:50+00:00\",\"dateModified\":\"2025-06-04T20:09:51+00:00\",\"breadcrumb\":{\"@id\":\"https:\\\/\\\/laindependent.cat\\\/es\\\/tarjeta-roja\\\/mexic-dia-del-periodista-periodisme-sense-discriminacio\\\/#breadcrumb\"},\"inLanguage\":\"es\",\"potentialAction\":[{\"@type\":\"ReadAction\",\"target\":[\"https:\\\/\\\/laindependent.cat\\\/es\\\/tarjeta-roja\\\/mexic-dia-del-periodista-periodisme-sense-discriminacio\\\/\"]}]},{\"@type\":\"BreadcrumbList\",\"@id\":\"https:\\\/\\\/laindependent.cat\\\/es\\\/tarjeta-roja\\\/mexic-dia-del-periodista-periodisme-sense-discriminacio\\\/#breadcrumb\",\"itemListElement\":[{\"@type\":\"ListItem\",\"position\":1,\"name\":\"Inici\",\"item\":\"https:\\\/\\\/laindependent.cat\\\/es\\\/la-independent\\\/\"},{\"@type\":\"ListItem\",\"position\":2,\"name\":\"Targeta Vermella\",\"item\":\"https:\\\/\\\/laindependent.cat\\\/es\\\/tarjeta-roja\\\/\"},{\"@type\":\"ListItem\",\"position\":3,\"name\":\"M\u00e8xic. Dia del periodista. Periodisme sense discriminaci\u00f3\"}]},{\"@type\":\"WebSite\",\"@id\":\"https:\\\/\\\/laindependent.cat\\\/es\\\/#website\",\"url\":\"https:\\\/\\\/laindependent.cat\\\/es\\\/\",\"name\":\"La Independent\",\"description\":\"Ag\u00e8ncia de not\u00edcies amb visi\u00f3 de g\u00e8nere\",\"publisher\":{\"@id\":\"https:\\\/\\\/laindependent.cat\\\/es\\\/#organization\"},\"alternateName\":\"Ag\u00e8ncia de not\u00edcies amb visi\u00f3 de g\u00e8nere\",\"potentialAction\":[{\"@type\":\"SearchAction\",\"target\":{\"@type\":\"EntryPoint\",\"urlTemplate\":\"https:\\\/\\\/laindependent.cat\\\/es\\\/?s={search_term_string}\"},\"query-input\":{\"@type\":\"PropertyValueSpecification\",\"valueRequired\":true,\"valueName\":\"search_term_string\"}}],\"inLanguage\":\"es\"},{\"@type\":\"Organization\",\"@id\":\"https:\\\/\\\/laindependent.cat\\\/es\\\/#organization\",\"name\":\"La Independent\",\"alternateName\":\"Ag\u00e8ncia de not\u00edcies amb visi\u00f3 de g\u00e8nere\",\"url\":\"https:\\\/\\\/laindependent.cat\\\/es\\\/\",\"logo\":{\"@type\":\"ImageObject\",\"inLanguage\":\"es\",\"@id\":\"https:\\\/\\\/laindependent.cat\\\/es\\\/#\\\/schema\\\/logo\\\/image\\\/\",\"url\":\"https:\\\/\\\/laindependent.cat\\\/wp-content\\\/uploads\\\/2022\\\/10\\\/logo-independent.svg\",\"contentUrl\":\"https:\\\/\\\/laindependent.cat\\\/wp-content\\\/uploads\\\/2022\\\/10\\\/logo-independent.svg\",\"width\":562,\"height\":78,\"caption\":\"La Independent\"},\"image\":{\"@id\":\"https:\\\/\\\/laindependent.cat\\\/es\\\/#\\\/schema\\\/logo\\\/image\\\/\"}}]}<\/script>\n<!-- \/ Yoast SEO plugin. -->","yoast_head_json":{"title":"M\u00e8xic. Dia del periodista. Periodisme sense discriminaci\u00f3 | Tarjeta Roja | La Independent","robots":{"index":"index","follow":"follow","max-snippet":"max-snippet:-1","max-image-preview":"max-image-preview:large","max-video-preview":"max-video-preview:-1"},"canonical":"https:\/\/laindependent.cat\/es\/tarjeta-roja\/mexic-dia-del-periodista-periodisme-sense-discriminacio\/","og_locale":"es_ES","og_type":"article","og_title":"M\u00e8xic. Dia del periodista. Periodisme sense discriminaci\u00f3 | Tarjeta Roja | La Independent","og_url":"https:\/\/laindependent.cat\/es\/tarjeta-roja\/mexic-dia-del-periodista-periodisme-sense-discriminacio\/","og_site_name":"La Independent","article_modified_time":"2025-06-04T20:09:51+00:00","twitter_card":"summary_large_image","schema":{"@context":"https:\/\/schema.org","@graph":[{"@type":"WebPage","@id":"https:\/\/laindependent.cat\/es\/tarjeta-roja\/mexic-dia-del-periodista-periodisme-sense-discriminacio\/","url":"https:\/\/laindependent.cat\/es\/tarjeta-roja\/mexic-dia-del-periodista-periodisme-sense-discriminacio\/","name":"M\u00e8xic. Dia del periodista. Periodisme sense discriminaci\u00f3 | Tarjeta Roja | La Independent","isPartOf":{"@id":"https:\/\/laindependent.cat\/es\/#website"},"datePublished":"2024-01-04T15:16:50+00:00","dateModified":"2025-06-04T20:09:51+00:00","breadcrumb":{"@id":"https:\/\/laindependent.cat\/es\/tarjeta-roja\/mexic-dia-del-periodista-periodisme-sense-discriminacio\/#breadcrumb"},"inLanguage":"es","potentialAction":[{"@type":"ReadAction","target":["https:\/\/laindependent.cat\/es\/tarjeta-roja\/mexic-dia-del-periodista-periodisme-sense-discriminacio\/"]}]},{"@type":"BreadcrumbList","@id":"https:\/\/laindependent.cat\/es\/tarjeta-roja\/mexic-dia-del-periodista-periodisme-sense-discriminacio\/#breadcrumb","itemListElement":[{"@type":"ListItem","position":1,"name":"Inici","item":"https:\/\/laindependent.cat\/es\/la-independent\/"},{"@type":"ListItem","position":2,"name":"Targeta Vermella","item":"https:\/\/laindependent.cat\/es\/tarjeta-roja\/"},{"@type":"ListItem","position":3,"name":"M\u00e8xic. Dia del periodista. Periodisme sense discriminaci\u00f3"}]},{"@type":"WebSite","@id":"https:\/\/laindependent.cat\/es\/#website","url":"https:\/\/laindependent.cat\/es\/","name":"La Independent","description":"Ag\u00e8ncia de not\u00edcies amb visi\u00f3 de g\u00e8nere","publisher":{"@id":"https:\/\/laindependent.cat\/es\/#organization"},"alternateName":"Ag\u00e8ncia de not\u00edcies amb visi\u00f3 de g\u00e8nere","potentialAction":[{"@type":"SearchAction","target":{"@type":"EntryPoint","urlTemplate":"https:\/\/laindependent.cat\/es\/?s={search_term_string}"},"query-input":{"@type":"PropertyValueSpecification","valueRequired":true,"valueName":"search_term_string"}}],"inLanguage":"es"},{"@type":"Organization","@id":"https:\/\/laindependent.cat\/es\/#organization","name":"La Independent","alternateName":"Ag\u00e8ncia de not\u00edcies amb visi\u00f3 de g\u00e8nere","url":"https:\/\/laindependent.cat\/es\/","logo":{"@type":"ImageObject","inLanguage":"es","@id":"https:\/\/laindependent.cat\/es\/#\/schema\/logo\/image\/","url":"https:\/\/laindependent.cat\/wp-content\/uploads\/2022\/10\/logo-independent.svg","contentUrl":"https:\/\/laindependent.cat\/wp-content\/uploads\/2022\/10\/logo-independent.svg","width":562,"height":78,"caption":"La Independent"},"image":{"@id":"https:\/\/laindependent.cat\/es\/#\/schema\/logo\/image\/"}}]}},"_links":{"self":[{"href":"https:\/\/laindependent.cat\/es\/wp-json\/wp\/v2\/targeta_vermella\/79329","targetHints":{"allow":["GET"]}}],"collection":[{"href":"https:\/\/laindependent.cat\/es\/wp-json\/wp\/v2\/targeta_vermella"}],"about":[{"href":"https:\/\/laindependent.cat\/es\/wp-json\/wp\/v2\/types\/targeta_vermella"}],"author":[{"embeddable":true,"href":"https:\/\/laindependent.cat\/es\/wp-json\/wp\/v2\/users\/72"}],"version-history":[{"count":0,"href":"https:\/\/laindependent.cat\/es\/wp-json\/wp\/v2\/targeta_vermella\/79329\/revisions"}],"wp:attachment":[{"href":"https:\/\/laindependent.cat\/es\/wp-json\/wp\/v2\/media?parent=79329"}],"curies":[{"name":"wp","href":"https:\/\/api.w.org\/{rel}","templated":true}]}}

Mèxic. Dia del periodista. Periodisme sense discriminació

<figure class="wp-block-embed is-type-rich is-provider-twitter wp-block-embed-twitter"><div class="wp-block-embed__wrapper">
<blockquote class="twitter-tweet" data-width="550" data-dnt="true"><p lang="es" dir="ltr">En CIMAC conmemoramos y reconocemos el labor de las mujeres dentro y fuera de los medios de comunicación. Que todas las mujeres periodistas ejerzan el periodismo libre de discriminación y violencia<a href="https://twitter.com/hashtag/PeriodismoFeminista?src=hash&amp;ref_src=twsrc%5Etfw">#PeriodismoFeminista</a> <a href="https://twitter.com/hashtag/MujeresPeriodistas?src=hash&amp;ref_src=twsrc%5Etfw">#MujeresPeriodistas</a> <a href="https://twitter.com/hashtag/LibertadDeExpresion?src=hash&amp;ref_src=twsrc%5Etfw">#LibertadDeExpresion</a> <a href="https://twitter.com/hashtag/DiaDelPeriodista?src=hash&amp;ref_src=twsrc%5Etfw">#DiaDelPeriodista</a> <a href="https://t.co/Uk6XzPLJsZ">pic.twitter.com/Uk6XzPLJsZ</a></p>&mdash; CIMAC.org (@prensacimac) <a href="https://twitter.com/prensacimac/status/1742938952577982750?ref_src=twsrc%5Etfw">January 4, 2024</a></blockquote><script async src="https://platform.twitter.com/widgets.js" charset="utf-8"></script>
</div></figure>

<!-- This site is optimized with the Yoast SEO plugin v27.4 - https://yoast.com/product/yoast-seo-wordpress/ -->
<title>Mèxic. Dia del periodista. Periodisme sense discriminació | Tarjeta Roja | La Independent</title>
<meta name="robots" content="index, follow, max-snippet:-1, max-image-preview:large, max-video-preview:-1" />
<link rel="canonical" href="https://laindependent.cat/es/tarjeta-roja/mexic-dia-del-periodista-periodisme-sense-discriminacio/" />
<meta property="og:locale" content="es_ES" />
<meta property="og:type" content="article" />
<meta property="og:title" content="Mèxic. Dia del periodista. Periodisme sense discriminació | Tarjeta Roja | La Independent" />
<meta property="og:url" content="https://laindependent.cat/es/tarjeta-roja/mexic-dia-del-periodista-periodisme-sense-discriminacio/" />
<meta property="og:site_name" content="La Independent" />
<meta property="article:modified_time" content="2025-06-04T20:09:51+00:00" />
<meta name="twitter:card" content="summary_large_image" />
<script type="application/ld+json" class="yoast-schema-graph">{"@context":"https:\/\/schema.org","@graph":[{"@type":"WebPage","@id":"https:\/\/laindependent.cat\/es\/tarjeta-roja\/mexic-dia-del-periodista-periodisme-sense-discriminacio\/","url":"https:\/\/laindependent.cat\/es\/tarjeta-roja\/mexic-dia-del-periodista-periodisme-sense-discriminacio\/","name":"Mèxic. Dia del periodista. Periodisme sense discriminació | Tarjeta Roja | La Independent","isPartOf":{"@id":"https:\/\/laindependent.cat\/es\/#website"},"datePublished":"2024-01-04T15:16:50+00:00","dateModified":"2025-06-04T20:09:51+00:00","breadcrumb":{"@id":"https:\/\/laindependent.cat\/es\/tarjeta-roja\/mexic-dia-del-periodista-periodisme-sense-discriminacio\/#breadcrumb"},"inLanguage":"es","potentialAction":[{"@type":"ReadAction","target":["https:\/\/laindependent.cat\/es\/tarjeta-roja\/mexic-dia-del-periodista-periodisme-sense-discriminacio\/"]}]},{"@type":"BreadcrumbList","@id":"https:\/\/laindependent.cat\/es\/tarjeta-roja\/mexic-dia-del-periodista-periodisme-sense-discriminacio\/#breadcrumb","itemListElement":[{"@type":"ListItem","position":1,"name":"Inici","item":"https:\/\/laindependent.cat\/es\/la-independent\/"},{"@type":"ListItem","position":2,"name":"Targeta Vermella","item":"https:\/\/laindependent.cat\/es\/tarjeta-roja\/"},{"@type":"ListItem","position":3,"name":"Mèxic. Dia del periodista. Periodisme sense discriminació"}]},{"@type":"WebSite","@id":"https:\/\/laindependent.cat\/es\/#website","url":"https:\/\/laindependent.cat\/es\/","name":"La Independent","description":"Agència de notícies amb visió de gènere","publisher":{"@id":"https:\/\/laindependent.cat\/es\/#organization"},"alternateName":"Agència de notícies amb visió de gènere","potentialAction":[{"@type":"SearchAction","target":{"@type":"EntryPoint","urlTemplate":"https:\/\/laindependent.cat\/es\/?s={search_term_string}"},"query-input":{"@type":"PropertyValueSpecification","valueRequired":true,"valueName":"search_term_string"}}],"inLanguage":"es"},{"@type":"Organization","@id":"https:\/\/laindependent.cat\/es\/#organization","name":"La Independent","alternateName":"Agència de notícies amb visió de gènere","url":"https:\/\/laindependent.cat\/es\/","logo":{"@type":"ImageObject","inLanguage":"es","@id":"https:\/\/laindependent.cat\/es\/#\/schema\/logo\/image\/","url":"https:\/\/laindependent.cat\/wp-content\/uploads\/2022\/10\/logo-independent.svg","contentUrl":"https:\/\/laindependent.cat\/wp-content\/uploads\/2022\/10\/logo-independent.svg","width":562,"height":78,"caption":"La Independent"},"image":{"@id":"https:\/\/laindependent.cat\/es\/#\/schema\/logo\/image\/"}}]}</script>
<!-- / Yoast SEO plugin. -->

Mèxic. Dia del periodista. Periodisme sense discriminació | Tarjeta Roja | La Independent

Agència de notícies amb visió de gènere
